m + -44. Calculate the remainder when d is divided by 14.
11
Let a = 519 - 393. Calculate the remainder when a is divided by 35.
21
Suppose 15*r - 10*r + 659 = 3*p, 5*r + 5 = 0. What is the remainder when p is divided by 99?
20
Suppose -3*d = 2*g + 5, -5*g + d + 11 = -g. Let k(o) = -27*o + 252. What is the remainder when k(9) is divided by g?
1
Suppose -3*a = v + 6, 4*a = 2*v + 2*a + 20. Let m = 95 + v. What is the remainder when m is divided by 22?
20
Let a(r) = -90*r**2 - 2*r - 1. Let b be a(-2). Let j = -223 - b. Calculate the remainder when j is divided by 34.
32
Let p(w) = -7*w - 5. Suppose -2*m + 0*x - 7 = -x, 12 = -2*m - 4*x. Suppose -4*z - z + 65 = 0. What is the remainder when p(m) is divided by z?
10
Let w = 3621 + -3456. Suppose 3*z + 0 = 84. Calculate the remainder when w is divided by z.
25
Let z(a) = -38*a + 191. Calculate the remainder when 6 is divided by z(5).
0
Suppose 126 = -13*h + 22*h. Calculate the remainder when 948 is divided by h.
10
Suppose a - 4 = 5*a. Suppose 0 = -4*f - 4, -8 = 2*w + 5*f - 5. Calculate the remainder when 19 is divided by (-15 + w)/(2/a).
5
Suppose -4*b - v + 6*v = -188, 3*v - 64 = -b. What is the remainder when b is divided by (8 - 0)*18/8?
16
Let i be 110 + 0 - (5 + 3 + -9). Calculate the remainder when 16 is divided by ((-5)/(-10))/(-2 + i/54).
7
Let p(x) = 6*x + 5. Let m(u) = -12*u - 10. Let o(i) = -2*m(i) - 5*p(i). What is the remainder when 36 is divided by o(-4)?
17
Suppose 2*a = 73 + 11. Let c = 87 - 30. Suppose 5*i - i - c = b, b = 3. What is the remainder when a is divided by i?
12
Suppose 7*c - 2*c = 5*k - 180, 2*c = k - 39. Suppose 4 + 5 = -3*h. What is the remainder when k is divided by (-3 - 0)*7/h?
5
Let z = 100 - 67. Suppose -5*j + 248 - z = 0. Calculate the remainder when 82 is divided by j.
39
Suppose -11 = -2*f - 3. Suppose 279 = f*u + u + 2*v, 5*v - 10 = 0. What is the remainder when u is divided by (-19)/2*(7 + -9)?
17
Let t(y) = 4*y**3 + 6*y**2 - 15*y + 7. Calculate the remainder when t(4) is divided by 61.
55
Let t be ((-46)/6)/((-170)/(-42) + -4). Calculate the remainder when (-2 - (-3 - 1 - -3))*t is divided by 41.
38
Calculate the remainder when 204 is divided by (-34 + 0/1)/(45/(-270)).
0
Suppose 5*m + 0 = -3*s + 9, 3*m = -3*s + 3. Suppose p - m = -27. Calculate the remainder when 41 is divided by 0 - 1 - (p + 2).
20
Let o = 115 + -99. Suppose -146 = -5*l - 4*s, -5*l - s = 2*s - 147. Calculate the remainder when l is divided by o.
14
Suppose l + 127 = 2*n, -4*l + 5*n = -0*n + 499. Let g = l + 146. What is the remainder when 122 is divided by g?
22
Suppose -436 = 5*u + 4. Let d = 121 + u. Calculate the remainder when 61 is divided by d.
28
Let t(h) = -h**2 - 7*h - 6. Let n(s) = -7*s - 22. What is the remainder when n(-7) is divided by t(-5)?
3
Let z(o) = -2*o**3 - 6*o**2 + 28*o + 13. What is the remainder when 177 is divided by z(-6)?
55
Suppose 3*v - 19 = r - 0*r, -3*v = -5*r + 1. Let c(j) = 3*j + 115. What is the remainder when c(-23) is divided by v?
6
Let r be (-14)/(-4) - (-5)/10. Suppose -r*c + 30 = c. Suppose -16*m + 19*m - 51 = 0. Calculate the remainder when m is divided by c.
5
Let d = 15 - -5. Let t = -14 + d. Suppose -15*k = -10*k - 145. What is the remainder when k is divided by t?
5
Let x(c) = c**2 - 11*c + 2. Calculate the remainder when (3 + -1)*25/10 is divided by x(11).
1
Let a(c) = -c**3 + 8*c**2 + c + 6. Let i be (-2)/4*166*-1. Suppose i = 5*g - 47. What is the remainder when g is divided by a(8)?
12
Suppose -2*k + 4 + 6 = 5*z, 0 = 4*z + 5*k - 8. Suppose -3*g - 3*x = -72, g - 10 - z = 5*x. What is the remainder when g is divided by 5?
2
Suppose -3002 - 1313 = -5*u. What is the remainder when u is divided by 36?
35
Suppose 4*s - 465 = -p, 4*s = -5*p + 3*s + 2306. What is the remainder when p is divided by 8?
5
Suppose 5*d - 43 = 4*d. Suppose 0 = -3*p + d + 149. What is the remainder when p is divided by 11?
9
Suppose -p - 3*p - 304 = 0. Let s = p + 46. Let u = s + 44. What is the remainder when 25 is divided by u?
11
Suppose -7*x - 16 = -3*x, 0 = -4*n - x + 52. What is the remainder when 81 is divided by n?
11
Let v = -14 - -19. Suppose -6*z = -v*z - 10. What is the remainder when 24 is divided by z?
4
Suppose -j = 3 + 2. Let p(a) = a**2 - a - 2. What is the remainder when p(j) is divided by (-1 + -1)/6 + 322/21?
13
Let i(r) = -5*r - 8 - 7 - 8. What is the remainder when i(-14) is divided by 10?
7
Let a(g) = -g**3 - 24*g**2 + 4*g + 51. Let l be a(-24). Let z = 100 + l. What is the remainder when z is divided by 20?
15
Let i(u) = -15 + 1064*u - 532*u - 531*u. What is the remainder when i(19) is divided by 1?
0
Let c = -372 - -387. Calculate the remainder when 73 is divided by c.
13
Let l = 212 - 97. Suppose -o = -3*i - l, 4*o - 359 = o - 5*i. Calculate the remainder when o is divided by 17.
16
Let n(b) = 22*b + 10. Let u be n(10). Suppose -4*y = -0*y - 52. Calculate the remainder when u/(-30)*(-6)/2 is divided by y.
10
Suppose -4*g - 2*b - b = -192, -5*b - 71 = -g. Suppose -g*z + 27 = -50*z. Calculate the remainder when 101 is divided by z.
20
Suppose -5*a + 12 + 3 = 0. Suppose -5*l + 44 = a*t, 6*t - 5*l - 34 = 3*t. Calculate the remainder when 25 is divided by t.
12
Suppose -105 - 287 = -8*z. What is the remainder when 190 is divided by z?
43
Let x = 217 - 191. Calculate the remainder when 47 is divided by x.
21
Suppose 16*b - 59 - 309 = 0. Calculate the remainder when 850 is divided by b.
22
Let k(y) = -y**3 + 5*y**2 + 3*y + 4. Let g(r) = 5*r**2 + r - 1. Let u be g(1). Calculate the remainder when 51 is divided by k(u).
13
Let t(w) = -22*w + 26. Calculate the remainder when 58 is divided by t(1).
2
Let f(m) = -6*m**2 - 39*m + 4. Calculate the remainder when 95 is divided by f(-6).
7
Let y(m) = 227*m + 2. Let v be y(3). Suppose -6*c = -v + 17. What is the remainder when c is divided by 14?
13
Suppose 0 = -d - 4*x + 56, -221 = -4*d - 4*x - 33. Calculate the remainder when 75 is divided by d.
31
Let b(d) = 106*d - 4*d**2 - 2*d**3 + 3*d**3 + 6 - 102*d. What is the remainder when 61 is divided by b(4)?
17
Suppose 0 = -4*o, -745 = -5*r + o + 715. Calculate the remainder when r is divided by 99.
94
Let w(l) = -22*l + 34. What is the remainder when 302 is divided by w(0)?
30
Let x(z) = -z + 2. Let j be x(1). Let t be (-16)/8 + 4 + j. Calculate the remainder when 90/(-24)*(-20)/t is divided by 13.
12
Suppose 0 = -203*a + 202*a + 14. What is the remainder when 66 is divided by a?
10
Let w(g) = 7*g**2 + 33*g - 71. Calculate the remainder when 286 is divided by w(2).
10
Let c = 1181 + -529. What is the remainder when c is divided by 5?
2
Let z = 36 + -9. Let i = z - 5. What is the remainder when 107 is divided by i?
19
Suppose 3*z - 4*j + 8 = z, 0 = 2*j - 2. Let i be (11 + -10)*(45*2)/1. What is the remainder when 47 is divided by z + -1 - i/(-6)?
11
Suppose o - 59 = -3*l, -4*l - l - 2*o = -100. What is the remainder when 46 is divided by l?
10
Let h(m) = 3*m**2 - 16*m + 8. Calculate the remainder when 74 is divided by h(6).
14
Let f = 4 - -39. Calculate the remainder when (500/(-12))/((-1)/3) is divided by f.
39
Calculate the remainder when ((-24)/9)/4*(6 - 51) is divided by 22.
8
Let i = 56 + -55. Calculate the remainder when i/(-3) + (-3)/(27/(-264)) is divided by 17.
12
Calculate the remainder when 358 is divided by 4/3 + (-7744)/(-132).
58
Let y(i) = 13*i**2 + 9*i + 1. Calculate the remainder when y(-2) is divided by 7.
0
Let z(y) = -y**2 + 28*y + 53. Let u be z(21). Suppose -p + n - 2*n + 40 = 0, 5*p - u = 4*n. Calculate the remainder when 77 is divided by p.
37
Let i(p) = -p**2 + 11*p + 1. What is the remainder when (-1455)/(-10) - 1/((-14)/(-21)) is divided by i(7)?
28
Calculate the remainder when 214 is divided by 1/(-6) + (-13 - (-10178)/84).
106
Let r(m) = m**3 + 3*m**2 + 2*m - 3. Let f be r(-3). What is the remainder when 8 is divided by (2 - f/(-3))*-5?
3
Let t(s) = 8*s**2 - 5*s + 8. Calculate the remainder when t(2) is divided by 18.
12
Let o(f) = f**2 + 3*f + 31. Let i = -10 + 5. What is the remainder when o(-5) is divided by (-2)/(-10)*-14*i?
13
Suppose 0*o + 10 = 2*o. Suppose -o*a + 132 = -a. Suppose i - 9 = -p, 8*i - 10*i + 3*p + 18 = 0. What is the remainder when a is divided by i?
6
Suppose 2*b - 42 = -2*w, 4*w - 37 - 62 = -b. Calculate the r